-4)/(-2)*-2 is divided by y.
2
Let o = 38 + -25. Suppose 2*r + o = 39. Suppose 3*v - r = -6*k + 2*k, 3*k - 9 = -2*v. Calculate the remainder when 6 is divided by v.
0
Suppose 0*f - 3*f = 3*o - 66, f + 3*o = 32. Suppose -i = -4 - 13. Suppose 0 = -5*d - v + 250, -d + i = 4*v - 33. Calculate the remainder when d is divided by f.
16
Suppose 3*h = -3*h + 30. Calculate the remainder when 27 is divided by h.
2
Suppose -20 = 6*a - 8*a. Calculate the remainder when 15 is divided by a.
5
Suppose 2*t = 5 + 7. Let h(f) = f**3 + 6*f**2 + 5*f + 3. What is the remainder when t is divided by h(-5)?
0
Let l be 12/(12/(-4)) - -3. Calculate the remainder when l/(1 - (-117)/(-114)) is divided by 8.
6
Suppose -u - 29 = -2*a + a, 2*u - 77 = -3*a. What is the remainder when 42 is divided by a?
15
Let p be (-20)/(-3 + (-4)/(-1)). Let t = 25 + p. Calculate the remainder when 7 is divided by t.
2
Let z(n) = -n**2 + 7*n - 3. Let f be z(4). What is the remainder when (f/(-3))/((-6)/88) is divided by 15?
14
What is the remainder when 86 is divided by 0 + 9 + (2/2)/(-1)?
6
Suppose -5 = -2*x - 1. Suppose 0 = -2*d - 8, 0*l - 34 = -x*l - d. Let b(j) = -8*j - 1. Calculate the remainder when l is divided by b(-1).
5
Let k be (-7)/(-35) - (-74)/5. Let o(h) = -h**3 + 15*h**2 + h - 9. Calculate the remainder when 15 is divided by o(k).
3
Let r = 33 + -20. What is the remainder when r is divided by 7?
6
Let g = 13 + -1. Let m(u) = 15*u + 22. What is the remainder when m(0) is divided by g?
10
Let b(h) be the second derivative of h**3/2 - 9*h**2/2 + 2*h. Let j(i) = 2*i**2 + i - 4. Let t be j(-3). Calculate the remainder when 46 is divided by b(t).
22
Let p = 31 + -7. What is the remainder when 94 is divided by p?
22
Let h(z) = -z - 3. Let m be h(2). Calculate the remainder when (m/(-4))/((-18)/(-288)) is divided by 7.
6
Let c be 15/(-20) + (-22)/(-8). Let y be c/3 + 30/9. Suppose -v + y*v - 83 = -4*t, 0 = -t - 4*v + 24. What is the remainder when 59 is divided by t?
19
Let y(h) = 8*h**2 + 5*h + 6. What is the remainder when y(-2) is divided by 10?
8
Suppose 2*n = -10, -2*o = -0*o + 5*n - 3. Let h = -131 + 183. What is the remainder when h is divided by o?
10
What is the remainder when 131 is divided by (-464)/(-16) - (0 + -4)?
32
Let b = 2 - -3. Suppose -114 + 4 = -b*k. Let s(c) = 64*c**2 + c - 1. What is the remainder when s(1) is divided by k?
20
Let g(n) = 6*n**2 + 2*n + 2. What is the remainder when 96 is divided by g(-3)?
46
Suppose -42 = -4*z - 14. What is the remainder when 62 is divided by z?
6
Suppose 4*i - l - 21 = 0, -i = 2*i - 5*l - 20. What is the remainder when i is divided by 4?
1
Let a(s) = -8*s**2 + 2*s - 1. Let y be a(1). Calculate the remainder when 9 is divided by y/(-21) - (-28)/6.
4
Suppose -4*v = -6*v + 68. Calculate the remainder when 67 is divided by v.
33
Suppose 2*q - q - 39 = 0. Let r(n) = n**2 - 4*n - 7. What is the remainder when q is divided by r(7)?
11
Calculate the remainder when 11 is divided by ((-7)/14)/(2/(-16)) - 1.
2
Let i(d) = -6*d**3 + d**2 - d - 1. Let f be i(-1). Let z(t) = 4*t - 16. Calculate the remainder when z(f) is divided by 7.
5
Let s = -48 - -72. Calculate the remainder when s is divided by 13.
11
Let n = 9 - -14. Suppose l = 5*b + n, 2*l + 4*b - 6*b - 38 = 0. Calculate the remainder when 35 is divided by l.
17
Calculate the remainder when (1 + -3)/(3/(-27)) is divided by 5.
3
Suppose 7*b - 9*b + 24 = 0. What is the remainder when 47 is divided by b?
11
Let a be 2/5 + (-86)/(-10). Let l(z) = z**3 - 9*z**2 + 4*z - 12. Calculate the remainder when l(a) is divided by 9.
6
Let c = -8 - -14. What is the remainder when (33/c)/((-1)/(-14)) is divided by ((-25)/75)/((-3)/(-234)*-1)?
25
Let k(r) = -r**2 - 7*r + 5. Suppose -2*d = d - 12. Calculate the remainder when k(-7) is divided by d.
1
Suppose -96 = -3*p - p. Let o = p - 13. Calculate the remainder when o is divided by 7.
4
Suppose 2*z + 5*r - 52 = 0, 2*z + 2*r - 88 = -3*z. Calculate the remainder when z is divided by 6.
4
Suppose -4*v + 233 = 3*z + 67, -z = 4*v - 42. Let b(o) = -40*o - 88. What is the remainder when z is divided by b(-3)?
30
Let m(s) = 3*s**2 + 2*s - 1. Let b be m(1). Suppose 43 = b*u + q, u = q - 0 + 7. What is the remainder when 39 is divided by u?
9
Suppose -4*j + 240 = -4*k, -3*k = -j + 3*j - 145. Suppose -17 = -2*a - 5*t, 8*t - j = -5*a + 3*t. What is the remainder when a is divided by 9?
7
Let z = 0 - -3. Suppose -72 = -z*n - 18. Suppose 105 = 2*l + l. What is the remainder when l is divided by n?
17
Suppose 0 = -0*r - 4*r, t + 3*r = 16. What is the remainder when t is divided by 5?
1
Suppose -5*m + 0*n = n - 1358, 4*m - 1082 = -3*n. Let o be (1/2)/((-2)/m). What is the remainder when 49 is divided by (3/6)/((-2)/o)?
15
Suppose a + 2*a = -9. Let p = a - -37. Let x = -31 + 43. Calculate the remainder when p is divided by x.
10
Suppose 91 = 4*j - 429. What is the remainder when j is divided by 33?
31
Suppose 10*o = 7*o + 51. What is the remainder when 101 is divided by o?
16
Let j(y) = -5*y**2 + 12 + 4*y**2 + 0*y**2 + 8*y. Let n(b) = -3*b - 22. Calculate the remainder when n(-9) is divided by j(9).
2
Let p(c) = c**3 - 9*c**2 - c - 6. Let w be p(9). Let s = w - -38. Calculate the remainder when s is divided by 8.
7
Let t(i) = i**2 + 6*i - 4. Let a be t(-7). Suppose -42 = -4*y + s, a*y - 4*s = y + 28. Calculate the remainder when y is divided by 4.
2
Let n(v) = v**2 - 2*v - 2. Let b be n(-2). Let q = -4 + b. Suppose -3*u = -4 - 5, u = q*m - 25. Calculate the remainder when m is divided by 5.
4
Suppose 3*s + 159 + 170 = 5*o, 0 = -5*o - 3*s + 341. What is the remainder when o is divided by 17?
16
Suppose -9*d + 7*d = 4*x - 20, 10 = -2*x + 4*d. What is the remainder when 8 is divided by x?
2
Let r(n) = n**3 - n + 1. Let y be r(2). Let x(w) = 2*w - 9. Calculate the remainder when 17 is divided by x(y).
2
Let j = -1089 + 549. What is the remainder when 35 is divided by j/(-28) + 4/(-14)?
16
Suppose -j + 189 = -5. Calculate the remainder when j is divided by 50.
44
Let w(y) = -45*y + 1. Suppose 0 = -3*x + 4*h + 18, 4*x + 2*h = -3*h + 24. What is the remainder when w(-1) is divided by (-3)/(-2) - (-87)/x?
14
Let w = -8 - -12. What is the remainder when 10 is divided by w?
2
Suppose -34 = -2*d + 6. Calculate the remainder when (-2 - -6) + -2 + d is divided by 12.
10
Let x = -11 + 33. Suppose x = 2*y - y. Suppose -g = -6*g + 60. Calculate the remainder when y is divided by g.
10
Suppose 0 = 2*u + 3 + 1. Let o be u/(-7) - (-537)/7. Let g = o - 28. Calculate the remainder when g is divided by 17.
15
Suppose -2*h + 18 = -h. Let b = h - 5. What is the remainder when 25 is divided by b?
12
Suppose -84 = 3*v - 7*v. Let d be (-2)/8 + 7/(-4). What is the remainder when (-5 - d) + 2 + 42 is divided by v?
20
Suppose -3*i + a + 112 = 0, 6*a + 156 = 4*i + 8*a. Calculate the remainder when i is divided by 32.
6
Let f(i) = i + 1. What is the remainder when 39 is divided by f(6)?
4
Suppose 0 = 2*q + 8, 3*q - 18 = -2*w + 12. Let k = w + -1. Calculate the remainder when k is divided by 11.
9
Let p = -38 + 49. What is the remainder when 42 is divided by p?
9
Let o = 12 - 14. Calculate the remainder when o*1 - (-777)/7 is divided by 28.
25
Let g be (2/3)/((-1)/(-3)). Suppose 0 = g*k - 2*q - 4, 2*k - 3*q = -0*q + 4. Suppose -3*l + 65 = k*l. What is the remainder when l is divided by 5?
3
Suppose -4*o + 2*o = x - 5, 3*x = -2*o + 15. Calculate the remainder when 9 is divided by x.
4
Let o = -4 + 8. Suppose -d + 4*z = -3, -4*z - 2 = -6*z. Calculate the remainder when d is divided by o.
3
Let k(n) = -3*n**3 + n**2 + n + 1. Let h be k(-1). Let w(u) = -u**2 + 3*u + 5. Suppose 5*t - 3 = 2. What is the remainder when w(h) is divided by t?
0
Suppose 0 = 5*c - 115 + 45. Let w = -60 - -89. Suppose -w = -5*a + 5*o + 86, -3*a = -4*o - 65. What is the remainder when a is divided by c?
13
Let p(m) = -3*m + 1. Let w = -17 + -4. Let g = w - -34. What is the remainder when p(-12) is divided by g?
11
What is the remainder when 14 is divided by (12/(-9))/(2/(-3))?
0
Let m = -4 + 4. Suppose -g + m = -2, -2*c + 4*g = -18. Calculate the remainder when c is divided by (-9)/(-45) + (-34)/(-5).
6
Let h = -123 + 202. What is the remainder when h is divided by 36?
7
Let a(t) = t**2 - 3*t + 3. Let j be a(2). Suppose 9 =